Jump to content

I need help for get rid of this logcat, i want to try port cm12 to mito a310 (kitkat)


Guest Azis Naufal

Recommended Posts

Guest Azis Naufal

Hi.

 

I need help for get rid of this logcat, i want to try port cm12 to mito a310 (kitkat). Can someone help me? Please....

D/charger_monitor(  345): AICL: start
E/sdcard  (  265): missing packages.list; retrying
E/sdcard  (  266): missing packages.list; retrying
D/charger_monitor(  345): AICL: start
D/charger_monitor(  345): AICL: start
D/charger_monitor(  345): AICL: start
D/charger_monitor(  345): AICL: start
D/charger_monitor(  345): AICL: start
D/charger_monitor(  345): AICL: start
D/charger_monitor(  345): AICL: start
D/charger_monitor(  345): AICL: start
D/charger_monitor(  345): AICL: start
D/charger_monitor(  345): AICL: start
D/charger_monitor(  345): AICL: start
D/charger_monitor(  345): AICL: start
I/Netd    (  727): Netd 1.0 starting
E/Netd    (  727): Failed to open /proc/sys/net/ipv6/conf/default/accept_ra_rt_table: No such file or directory
E/Netd    (  727): Failed to open /proc/sys/net/ipv6/conf/dummy0/accept_ra_rt_table: No such file or directory
E/Netd    (  727): Failed to open /proc/sys/net/ipv6/conf/lo/accept_ra_rt_table: No such file or directory
E/Netd    (  727): Failed to open /proc/sys/net/ipv6/conf/rev_rmnet0/accept_ra_rt_table: No such file or directory
E/Netd    (  727): Failed to open /proc/sys/net/ipv6/conf/rev_rmnet1/accept_ra_rt_table: No such file or directory
E/Netd    (  727): Failed to open /proc/sys/net/ipv6/conf/rev_rmnet2/accept_ra_rt_table: No such file or directory
E/Netd    (  727): Failed to open /proc/sys/net/ipv6/conf/rev_rmnet3/accept_ra_rt_table: No such file or directory
E/Netd    (  727): Failed to open /proc/sys/net/ipv6/conf/rev_rmnet4/accept_ra_rt_table: No such file or directory
E/Netd    (  727): Failed to open /proc/sys/net/ipv6/conf/rev_rmnet5/accept_ra_rt_table: No such file or directory
E/Netd    (  727): Failed to open /proc/sys/net/ipv6/conf/rev_rmnet6/accept_ra_rt_table: No such file or directory
E/Netd    (  727): Failed to open /proc/sys/net/ipv6/conf/rev_rmnet7/accept_ra_rt_table: No such file or directory
E/Netd    (  727): Failed to open /proc/sys/net/ipv6/conf/rev_rmnet8/accept_ra_rt_table: No such file or directory
E/Netd    (  727): Failed to open /proc/sys/net/ipv6/conf/rmnet0/accept_ra_rt_table: No such file or directory
E/Netd    (  727): Failed to open /proc/sys/net/ipv6/conf/rmnet1/accept_ra_rt_table: No such file or directory
E/Netd    (  727): Failed to open /proc/sys/net/ipv6/conf/rmnet2/accept_ra_rt_table: No such file or directory
E/Netd    (  727): Failed to open /proc/sys/net/ipv6/conf/rmnet3/accept_ra_rt_table: No such file or directory
E/Netd    (  727): Failed to open /proc/sys/net/ipv6/conf/rmnet4/accept_ra_rt_table: No such file or directory
E/Netd    (  727): Failed to open /proc/sys/net/ipv6/conf/rmnet5/accept_ra_rt_table: No such file or directory
E/Netd    (  727): Failed to open /proc/sys/net/ipv6/conf/rmnet6/accept_ra_rt_table: No such file or directory
E/Netd    (  727): Failed to open /proc/sys/net/ipv6/conf/rmnet7/accept_ra_rt_table: No such file or directory
E/Netd    (  727): Failed to open /proc/sys/net/ipv6/conf/rmnet_usb0/accept_ra_rt_table: No such file or directory
E/Netd    (  727): Failed to open /proc/sys/net/ipv6/conf/sit0/accept_ra_rt_table: No such file or directory
W/auditd  (  313): type=1325 audit(0.0:58): table=filter family=2 entries=29
W/auditd  (  313): type=1325 audit(0.0:59): table=filter family=10 entries=21
D/QSEECOMAPI: (  730): QSEECom_get_handle sb_length = 0x2000
D/QSEECOMAPI: (  730): App is not loaded in QSEE
W/auditd  (  313): type=1325 audit(0.0:60): table=filter family=2 entries=28
D/charger_monitor(  345): AICL: start
I/SurfaceFlinger(  728): SurfaceFlinger is starting
I/SurfaceFlinger(  728): SurfaceFlinger's main thread ready to run. Initializing graphics H/W...
D/libEGL  (  728): loaded /vendor/lib/egl/libEGL_adreno.so
D/libEGL  (  728): loaded /vendor/lib/egl/libGLESv1_CM_adreno.so
W/auditd  (  313): type=1325 audit(0.0:61): table=filter family=10 entries=20
E/QSEECOMAPI: (  730): Error::Load image request failed ret = -1, errno = 14
E/QSEECOMAPI: (  730): Error::Loading image failed with ret = -1
D/libEGL  (  728): loaded /vendor/lib/egl/libGLESv2_adreno.so
W/auditd  (  313): type=1325 audit(0.0:62): table=filter family=2 entries=28
D/QSEECOMAPI: (  730): QSEECom_get_handle sb_length = 0x2000
D/QSEECOMAPI: (  730): App is not loaded in QSEE
E/QSEECOMAPI: (  730): Error::Cannot open the file /firmware/image/keymaste.mdt
E/QSEECOMAPI: (  730): Error::Loading image failed with ret = -1
E/QCOMKeyMaster(  730): Loading keymaster app failed
E/keystore(  730): could not open keymaster device in keystore (Operation not permitted)
E/keystore(  730): keystore keymaster could not be initialized; exiting
W/auditd  (  313): type=1325 audit(0.0:63): table=filter family=10 entries=20
W/auditd  (  313): type=1325 audit(0.0:64): table=filter family=2 entries=26
W/Adreno-GSL(  728): <ioctl_kgsl_device_getproperty:670>: mmap failed: errno 22 Invalid argument
I/Adreno-EGL(  728): <qeglDrvAPI_eglInitialize:410>: EGL 1.4 QUALCOMM build: AU_LINUX_ANDROID_LNX.LA.3.5.3.4.04.04.02.113.008_msm8610_LNX.LA.3.5.3.4__release_AU ()
I/Adreno-EGL(  728): OpenGL ES Shader Compiler Version: E031.24.00.14
I/Adreno-EGL(  728): Build Date: 07/24/14 Thu
I/Adreno-EGL(  728): Local Branch: mybranch3933040
I/Adreno-EGL(  728): Remote Branch: quic/LNX.LA.3.5.3
I/Adreno-EGL(  728): Local Patches: NONE
I/Adreno-EGL(  728): Reconstruct Branch: AU_LINUX_ANDROID_LNX.LA.3.5.3.4.04.04.02.113.008 +  NOTHING
D/charger_monitor(  345): AICL: start
W/auditd  (  313): type=1325 audit(0.0:65): table=filter family=10 entries=18
W/auditd  (  313): type=1325 audit(0.0:66): table=filter family=2 entries=28
W/auditd  (  313): type=1325 audit(0.0:67): table=filter family=10 entries=20
D/charger_monitor(  345): AICL: start
W/auditd  (  313): type=1325 audit(0.0:68): table=filter family=2 entries=29
D/charger_monitor(  345): AICL: start
D/charger_monitor(  345): AICL: start
D/charger_monitor(  345): AICL: start
D/charger_monitor(  345): AICL: start
D/charger_monitor(  345): AICL: start
D/charger_monitor(  345): AICL: start
D/charger_monitor(  345): AICL: start
E/QCALOG  (  308): [MessageQ] ProcessNewMessage: [XTWiFi-PE] unknown deliver target [OS-Agent]
E/QCALOG  (  308): [MessageQ] ProcessNewMessage: [XT-CS] unknown deliver target [OS-Agent]
E/QCALOG  (  308): [MessageQ] ProcessNewMessage: [XTWWAN-PE] unknown deliver target [OS-Agent]
D/charger_monitor(  345): AICL: start
E/qdutils (  728): Failed to open msm_fb_panel_info node
E/qdutils (  728): init:not able to open /sys/devices/virtual/graphics/fb0/idle_time node Permission denied
D/qdhwcomposer(  728): int qhwc::adRead(): /sys/class/graphics/fb-1/ad could not be opened : No such file or directory
I/qdhwcomposer(  728): Initializing Qualcomm Hardware Composer
I/qdhwcomposer(  728): MDP version: 304
I/SurfaceFlinger(  728): Using composer version 1.4
I/qdhwcomposer(  728): hwc_registerProcs
I/qdhwcomposer(  728): Initializing UEVENT Thread
I/qdhwcomposer(  728): Initializing VSYNC Thread
D/qdhwcomposer(  728): hwc_getDisplayAttributes disp = 0, width = 480
D/qdhwcomposer(  728): hwc_getDisplayAttributes disp = 0, height = 800
I/qdhwcomposer(  728): vsync_loop: Reading event 0 for dpy 0 from /sys/class/graphics/fb0/vsync_event
I/qdhwcomposer(  728): vsync_loop: Reading event 1 for dpy 0 from /sys/class/graphics/fb0/show_blank_event
I/qdhwcomposer(  728): vsync_loop: Reading event 0 for dpy 1 from /sys/class/graphics/fb-1/vsync_event
I/qdhwcomposer(  728): vsync_loop: Reading event 1 for dpy 1 from /sys/class/graphics/fb-1/show_blank_event
I/SurfaceFlinger(  728): EGL information:
I/SurfaceFlinger(  728): vendor    : Android
I/SurfaceFlinger(  728): version   : 1.4 Android META-EGL
I/SurfaceFlinger(  728): extensions: EGL_KHR_get_all_proc_addresses EGL_ANDROID_presentation_time EGL_KHR_image EGL_KHR_image_base EGL_KHR_lock_surface EGL_KHR_gl_texture_2D_image EGL_KHR_gl_texture_cubemap_image EGL_KHR_gl_renderbuffer_image EGL_KHR_fence_sync EGL_KHR_create_context EGL_EXT_create_context_robustness EGL_ANDROID_image_native_buffer EGL_KHR_wait_sync EGL_ANDROID_recordable 
I/SurfaceFlinger(  728): Client API: OpenGL_ES
I/SurfaceFlinger(  728): EGLSurface: 8-8-8-8, config=0x5
I/SurfaceFlinger(  728): OpenGL ES informations:
I/SurfaceFlinger(  728): vendor    : Qualcomm
I/SurfaceFlinger(  728): renderer  : Adreno (TM) 305
I/SurfaceFlinger(  728): version   : OpenGL ES 3.0 [email protected] [email protected] (CL@)
I/SurfaceFlinger(  728): extensions: GL_AMD_compressed_ATC_texture GL_AMD_performance_monitor GL_AMD_program_binary_Z400 GL_EXT_debug_label GL_EXT_debug_marker GL_EXT_discard_framebuffer GL_EXT_robustness GL_EXT_texture_format_BGRA8888 GL_EXT_texture_type_2_10_10_10_REV GL_NV_fence GL_OES_compressed_ETC1_RGB8_texture GL_OES_depth_texture GL_OES_depth24 GL_OES_EGL_image GL_OES_EGL_image_external GL_OES_element_index_uint GL_OES_fbo_render_mipmap GL_OES_fragment_precision_high GL_OES_get_program_binary GL_OES_packed_depth_stencil GL_OES_depth_texture_cube_map GL_OES_rgb8_rgba8 GL_OES_standard_derivatives GL_OES_texture_3D GL_OES_texture_float GL_OES_texture_half_float GL_OES_texture_half_float_linear GL_OES_texture_npot GL_OES_vertex_half_float GL_OES_vertex_type_10_10_10_2 GL_OES_vertex_array_object GL_QCOM_alpha_test GL_QCOM_binning_control GL_QCOM_driver_control GL_QCOM_perfmon_global_mode GL_QCOM_extended_get GL_QCOM_extended_get2 GL_QCOM_tiled_rendering GL_QCOM_writeonly_rendering GL_EXT_sRGB GL_EXT_sRGB_write_control GL_EXT_text
I/SurfaceFlinger(  728): GL_MAX_TEXTURE_SIZE = 4096
I/SurfaceFlinger(  728): GL_MAX_VIEWPORT_DIMS = 4096
I/SurfaceFlinger(  728): EGL information:
I/SurfaceFlinger(  728): vendor    : Android
I/SurfaceFlinger(  728): version   : 1.4 Android META-EGL
I/SurfaceFlinger(  728): extensions: EGL_KHR_get_all_proc_addresses EGL_ANDROID_presentation_time EGL_KHR_image EGL_KHR_image_base EGL_KHR_lock_surface EGL_KHR_gl_texture_2D_image EGL_KHR_gl_texture_cubemap_image EGL_KHR_gl_renderbuffer_image EGL_KHR_fence_sync EGL_KHR_create_context EGL_EXT_create_context_robustness EGL_ANDROID_image_native_buffer EGL_KHR_wait_sync EGL_ANDROID_recordable 
I/SurfaceFlinger(  728): Client API: OpenGL_ES
I/SurfaceFlinger(  728): EGLSurface: 8-8-8-8, config=0x5
D/SurfaceFlinger(  728): Set power mode=2, type=0 flinger=0xb77295e0
D/qdhwcomposer(  728): hwc_setPowerMode: Setting mode 2 on display: 0
I/qdhwcomposer(  728): handle_blank_event: dpy:0 panel power state: 1
D/charger_monitor(  345): AICL: start
D/charger_monitor(  345): AICL: start
D/qdhwcomposer(  728): hwc_setPowerMode: Done setting mode 2 on display 0
D/libEGL  (  760): loaded /vendor/lib/egl/libEGL_adreno.so
D/libEGL  (  760): loaded /vendor/lib/egl/libGLESv1_CM_adreno.so
D/charger_monitor(  345): AICL: start
D/libEGL  (  760): loaded /vendor/lib/egl/libGLESv2_adreno.so
W/Adreno-GSL(  760): <ioctl_kgsl_device_getproperty:670>: mmap failed: errno 22 Invalid argument
I/Adreno-EGL(  760): <qeglDrvAPI_eglInitialize:410>: EGL 1.4 QUALCOMM build: AU_LINUX_ANDROID_LNX.LA.3.5.3.4.04.04.02.113.008_msm8610_LNX.LA.3.5.3.4__release_AU ()
I/Adreno-EGL(  760): OpenGL ES Shader Compiler Version: E031.24.00.14
I/Adreno-EGL(  760): Build Date: 07/24/14 Thu
I/Adreno-EGL(  760): Local Branch: mybranch3933040
I/Adreno-EGL(  760): Remote Branch: quic/LNX.LA.3.5.3
I/Adreno-EGL(  760): Local Patches: NONE
I/Adreno-EGL(  760): Reconstruct Branch: AU_LINUX_ANDROID_LNX.LA.3.5.3.4.04.04.02.113.008 +  NOTHING
E/BootAnimation(  760): couldn't find audio_conf.txt
D/charger_monitor(  345): AICL: start
W/BootAnimation(  760): Audio service is not initiated.
D/BootAnimation(  760): Use save memory method, maybe small fps in actual.
D/charger_monitor(  345): AICL: start
D/charger_monitor(  345): AICL: start
D/charger_monitor(  345): AICL: start
D/charger_monitor(  345): AICL: start
D/charger_monitor(  345): AICL: start
D/charger_monitor(  345): AICL: start
D/charger_monitor(  345): AICL: start
D/charger_monitor(  345): AICL: start
D/charger_monitor(  345): AICL: start
D/charger_monitor(  345): AICL: start
D/charger_monitor(  345): AICL: start
D/charger_monitor(  345): AICL: start
D/charger_monitor(  345): AICL: start
D/charger_monitor(  345): AICL: start
D/charger_monitor(  345): AICL: start
D/SurfaceFlinger(  728): SF. shader cache generated - 26 shaders in 341.584320 ms
E/qdoverlay(  728): Ctrl ID should not be -1
F/libc    (  728): Fatal signal 6 (SIGABRT), code -6 in tid 728 (surfaceflinger)
D/charger_monitor(  345): AICL: start
D/charger_monitor(  345): AICL: start
I/DEBUG   (  250): *** *** *** *** *** *** *** *** *** *** *** *** *** *** *** ***
I/DEBUG   (  250): Build fingerprint: 'unknown'
I/DEBUG   (  250): Revision: '0'
I/DEBUG   (  250): ABI: 'arm'
I/DEBUG   (  250): pid: 728, tid: 728, name: surfaceflinger  >>> /system/bin/surfaceflinger <<<
I/DEBUG   (  250): signal 6 (SIGABRT), code -6 (SI_TKILL), fault addr --------
I/DEBUG   (  250):     r0 00000000  r1 000002d8  r2 00000006  r3 00000000
I/DEBUG   (  250):     r4 b6ff2114  r5 00000006  r6 00000016  r7 0000010c
I/DEBUG   (  250):     r8 b66c9c90  r9 00000000  sl 00000003  fp b779f954
I/DEBUG   (  250):     ip 000002d8  sp bece36a0  lr b6f8e851  pc b6fb5314  cpsr 600e0010
I/DEBUG   (  250): 
I/DEBUG   (  250): backtrace:
I/DEBUG   (  250):     #00 pc 0003a314  /system/lib/libc.so (tgkill+12)
I/DEBUG   (  250):     #01 pc 0001384d  /system/lib/libc.so (pthread_kill+52)
I/DEBUG   (  250):     #02 pc 000145af  /system/lib/libc.so (raise+10)
I/DEBUG   (  250):     #03 pc 00010ca5  /system/lib/libc.so (__libc_android_abort+36)
I/DEBUG   (  250):     #04 pc 0000f34c  /system/lib/libc.so (abort+4)
I/DEBUG   (  250):     #05 pc 0000848d  /system/lib/liboverlay.so (overlay::GenericPipe::queueBuffer(int, unsigned int)+52)
I/DEBUG   (  250):     #06 pc 0000ebb3  /system/lib/hw/hwcomposer.msm8610.so (qhwc::FBUpdateNonSplit::draw(hwc_context_t*, private_handle_t*)+62)
I/DEBUG   (  250):     #07 pc 0000a429  /system/lib/hw/hwcomposer.msm8610.so
I/DEBUG   (  250):     #08 pc 0002443f  /system/lib/libsurfaceflinger.so
I/DEBUG   (  250):     #09 pc 0001ad1b  /system/lib/libsurfaceflinger.so
I/DEBUG   (  250):     #10 pc 0001a597  /system/lib/libsurfaceflinger.so
I/DEBUG   (  250):     #11 pc 000195b5  /system/lib/libsurfaceflinger.so
I/DEBUG   (  250):     #12 pc 00019335  /system/lib/libsurfaceflinger.so
I/DEBUG   (  250):     #13 pc 00010f25  /system/lib/libutils.so (android::Looper::pollInner(int)+408)
I/DEBUG   (  250):     #14 pc 00011019  /system/lib/libutils.so (android::Looper::pollOnce(int, int*, int*, void**)+92)
I/DEBUG   (  250):     #15 pc 000169a5  /system/lib/libsurfaceflinger.so
I/DEBUG   (  250):     #16 pc 00018f05  /system/lib/libsurfaceflinger.so (android::SurfaceFlinger::run()+8)
I/DEBUG   (  250):     #17 pc 0000083d  /system/bin/surfaceflinger
I/DEBUG   (  250):     #18 pc 0000f209  /system/lib/libc.so (__libc_init+44)
I/DEBUG   (  250):     #19 pc 000008d8  /system/bin/surfaceflinger
W/debuggerd(  250): type=1400 audit(0.0:69): avc: denied { read } for name="kgsl-3d0" dev="tmpfs" ino=4586 scontext=u:r:debuggerd:s0 tcontext=u:object_r:gpu_device:s0 tclass=chr_file
W/debuggerd(  250): type=1400 audit(0.0:70): avc: denied { read } for name="kgsl-3d0" dev="tmpfs" ino=4586 scontext=u:r:debuggerd:s0 tcontext=u:object_r:gpu_device:s0 tclass=chr_file
D/charger_monitor(  345): AICL: start
D/charger_monitor(  345): AICL: start
E/sdcard  (  265): missing packages.list; retrying
E/sdcard  (  266): missing packages.list; retrying
D/charger_monitor(  345): AICL: start
D/charger_monitor(  345): AICL: start
I/DEBUG   (  250): 
I/DEBUG   (  250): Tombstone written to: /data/tombstones/tombstone_03
W/surfaceflinger(  728): type=1701 audit(0.0:71): auid=4294967295 uid=1000 gid=1003 ses=4294967295 subj=u:r:surfaceflinger:s0 reason="memory violation" sig=6
W/SurfaceComposerClient(  760): ComposerService remote (surfaceflinger) died [0xb8523df0]
D/BootAnimation(  760): SurfaceFlinger died, exiting...
I/ServiceManager(  235): service 'SurfaceFlinger' died
I/ServiceManager(  235): service 'display.qservice' died
D/charger_monitor(  345): AICL: start
D/charger_monitor(  345): AICL: start
D/charger_monitor(  345): AICL: start
D/charger_monitor(  345): AICL: start
D/charger_monitor(  345): AICL: start
D/charger_monitor(  345): AICL: start
D/charger_monitor(  345): AICL: start
D/charger_monitor(  345): AICL: start
D/charger_monitor(  345): AICL: start
D/charger_monitor(  345): AICL: start
D/charger_monitor(  345): AICL: start

That's is a looping logcat error. I can't solve that. Too complicated :/

Please... 

Thanks.

 

EDIT: I port the rom using copy and replace method. 

Edited by Azis Naufal
Link to comment
Share on other sites

Please sign in to comment

You will be able to leave a comment after signing in



Sign In Now
×
×
  • Create New...

Important Information

By using this site, you agree to our Terms of Use.