Guest Nebulous Posted May 13, 2010 Report Posted May 13, 2010 Hi, I keep getting com.htc.bgp FC'ing randomly I haven't been able to link it to anything yet. The log is below.
D/LocationMasfClient( 140): getAddressFromProtoBuf(): Ignore feature 0,England
D/Cache-RGecoder( 2327): address local=en_GB
D/Cache-RGecoder( 2327): **********Locale mGeocodeAddress=Address[addressLines=[ 0:"Harvest Crescent",1:"Blackwater and Hawley, Hampshire GU51 2",2:"UK"],feature =Harvest Crescent,admin=Hampshire,sub-admin=Hart,locality=Blackwater and Hawley, thoroughfare=Harvest Crescent,postalCode=GU51 2,countryCode=GB,countryName=Unite d Kingdom,hasLatitude=true,latitude=51.2984704,hasLongitude=true,longitude=-0.82 67315,phone=null,url=null,extras=null]
D/dalvikvm( 1041): GC freed 1822 objects / 57400 bytes in 313ms
D/dalvikvm( 221): GC freed 3922 objects / 192432 bytes in 350ms
I/HtcLocationService( 2327): agent - searchSyncFromGgeocoder successfully- Count ryName: United Kingdom, CityName: Blackwater and Hawley
D/HtcLocationService( 2327): agent - name = Blackwater and Hawley
D/HtcLocationService( 2327): agent - state = Hampshire
D/HtcLocationService( 2327): agent - country = United Kingdom
D/HtcLocationService( 2327): agent - lat = 51.298470
D/HtcLocationService( 2327): agent - lon = -0.826731
D/HtcLocationService( 2327): agent - timezoneId =
E/ActivityThread( 2327): Failed to find provider info for com.htc.provider.weath er
W/dalvikvm( 2327): threadid=25: thread exiting with uncaught exception (group=0x 4001b390)
E/AndroidRuntime( 2327): Uncaught handler: thread Thread-18 exiting due to uncau ght exception
E/AndroidRuntime( 2327): java.lang.IllegalArgumentException: Unknown URL content ://com.htc.provider.weather/location
E/AndroidRuntime( 2327): at android.content.ContentResolver.delete(Conten tResolver.java:706)
E/AndroidRuntime( 2327): at com.htc.util.weather.WeatherUtility.saveLocat ions(WeatherUtility.java:694)
E/AndroidRuntime( 2327): at com.htc.htclocationservice.HtcLocationService Agent._updateWeatherProviderWithBroadcastNotifyIntent(HtcLocationServiceAgent.ja va:261)
E/AndroidRuntime( 2327): at com.htc.htclocationservice.HtcLocationService Agent.updateWeatherProvider(HtcLocationServiceAgent.java:257)
E/AndroidRuntime( 2327): at com.htc.htclocationservice.HtcLocationService Agent.access$1100(HtcLocationServiceAgent.java:31)
E/AndroidRuntime( 2327): at com.htc.htclocationservice.HtcLocationService Agent$6.run(HtcLocationServiceAgent.java:900)
E/AndroidRuntime( 2327): at java.lang.Thread.run(Thread.java:1102)
I/Process ( 140): Sending signal. PID: 2327 SIG: 3
I/dalvikvm( 2327): threadid=7: reacting to signal 3
E/dalvikvm( 2327): Unable to open stack trace file '/data/anr/traces.txt': Permi ssion denied
D/Cache-RGecoder( 2327): *convertLocale=false,last local=en_GB,now local= en_GB
D/Cache-RGecoder( 2327): *************Last latitude=51.298694,now latitude=51.29 8694;last longitude=-0.827128,now longitude=-0.827128
D/Cache-RGecoder( 2327): ***********Last mEnglishCacheAddress=Address[addressLin es=[0:"Harvest Crescent",1:"Blackwater and Hawley, Hampshire GU51 2",2:"UK"],fea ture=Harvest Crescent,admin=Hampshire,sub-admin=Hart,locality=Blackwater and Haw ley,thoroughfare=Harvest Crescent,postalCode=GU51 2,countryCode=GB,countryName=U nited Kingdom,hasLatitude=true,latitude=51.2984704,hasLongitude=true,longitude=- 0.8267315,phone=null,url=null,extras=null]
I/HtcLocationService( 2327): agent - taskTimeZoneOffset - queryTimeZoneFromDB
I/HtcLocationService( 2327): agent - search location by name: blackwater and haw ley, country: united kingdom
I/DumpStateReceiver( 140): Added state dump to 1 crashes
I/ActivityManager( 140): Starting activity: Intent { act=android.intent.action. MAIN cat=[android.intent.category.HOME] flg=0x10200000 cmp=com.htc.launcher/.Lau ncher }
E/ActivityThread( 2327): Failed to find provider info for com.htc.provider.weath er
I/HtcLocationService( 2327): agent - no location data returned
W/Rosie_3D( 2002): onWorkspaceStopScroll , CurrentScreen = 3, mIsAnimation = fal se, mStopAnimation = false
D/AutoSetting( 2327): service - CALLBACK - onGetTimeZoneOffset, result: failed, zoneId: , offset: 0
D/LocationManager( 2327): removeUpdates: listener = com.htc.htclocationservice.H tcLocationServiceAgent$7@4686e0c8
V/LocationManagerService( 140): _removeUpdates: listener = Receiver{46b30f20 Li stener android.os.BinderProxy@46b08860}
D/NetworkLocationProvider( 140): removeListener(): providers.calendar
D/NetworkLocationProvider( 140): removeListener(): com.htc.htcconnectivity
D/NetworkLocationProvider( 140): removeListener(): com.htc.calendar
D/NetworkLocationProvider( 140): removeListener(): com.htc.provider.settings
D/NetworkLocationProvider( 140): removeListener(): com.htc.socialnetwork.provid er
D/NetworkLocationProvider( 140): removeListener(): com.htc.dcs.impl
D/NetworkLocationProvider( 140): removeListener(): com.htc.CustomizationSetup
D/NetworkLocationProvider( 140): removeListener(): com.htc.dcs.service.utility
D/NetworkLocationProvider( 140): removeListener(): com.htc.provider.Customizati onSettings
D/NetworkLocationProvider( 140): removeListener(): com.htc.android.psclient
D/NetworkLocationProvider( 140): removeListener(): com.htc.socialnetwork.facebo ok
I/HtcLocationService( 2327): agent - taskTimeZoneOffset - end
D/NetworkLocationProvider( 140): removeListener(): com.htc.htclocationservice
D/NetworkLocationProvider( 140): removeListener(): com.htc.providers.uploads
D/NetworkLocationProvider( 140): enableLocationTracking(): false
D/MyWidgetView41( 2002): handle sMSG_QUERY_EVENT
W/Rosie_3D( 2002): TIME_SHOW_CURRECT_PAGE , CurrentScreen = 3
I/BatteryStatsImpl( 140): notePhoneSignalStrengthLocked: 4->3
D/PowerManagerService( 140): New lightsensor value:160, lcdValue:160
Guest kiokoman Posted May 14, 2010 Report Posted May 14, 2010 No one have any ideas? I get it a lot! http://androidforums.com/htc-droid-eris/56...-leak-help.html http://androidforums.com/htc-droid-eris/59...-again-wtf.html http://www.google.com/support/forum/p/Goog...824c7&hl=en
Guest s60mike Posted May 27, 2010 Report Posted May 27, 2010 Got the same problem since r3 :rolleyes: I've flashed a self baked and the "without additions" and "with additions" and everytime i add my facebook account a few seconds later the phone shows the "com.htc.bg must be closed" message :D The first root process with my 0.80 german desire was without any problems. Now I've flashed r3 and can do what I want - still the message above appears :(
Recommended Posts
Please sign in to comment
You will be able to leave a comment after signing in
Sign In Now